se 0 = -0*n + n - 3. Let p = 10 - n. Let i = -5 + p. Let t(y) = y**2 + y - 2. Calculate t(i).
4
Let f(s) be the second derivative of -s**5/20 - s**4/3 - 5*s**2/2 + 2*s. Let g be (-60)/14 + 6/21. Calculate f(g).
-5
Let k(n) be the third derivative of -n**5/60 - n**4/6 + n**3/3 + 10*n**2. Suppose p - 8 = 3*p. What is k(p)?
2
Let v(q) = -q**3 + 6*q**2 - 3*q - 4. Suppose 4*j = -d - 17, -3*d - j = -2*j - 1. Let z = d + 4. Suppose 28 = 4*f + z*x + x, 3*f - 7 = 4*x. Determine v(f).
6
Suppose 4*l = 5*a - 40, 0 = -l + 5*a - 6 - 19. Let r(y) = -y**3 - 6*y**2 - 4*y. Calculate r(l).
-5
Let h(y) = -y**2 - 5*y + 6. Let z = -15 + 30. Let i be ((-18)/15)/(6/z). Let c be (1 + i + -3)*1. Determine h(c).
6
Let t(j) be the first derivative of -j**3/3 - j**2/2 - 2*j + 2. Suppose 0 = 5*z - 4*z - 2. What is t(z)?
-8
Let s(d) = -d**2 + d - 2. Suppose 0*y + 10*y = 20. Determine s(y).
-4
Suppose 0 = 4*c - 2*z - 11 - 13, -3*z - 20 = -4*c. Let f be 2/(c/60*3). Let y(a) = -a + 1. Give y(f).
-4
Let t(v) be the second derivative of -v**7/840 - v**6/180 - v**5/60 + v**4/24 + v**3/6 + v. Let h(w) be the second derivative of t(w). What is h(-2)?
5
Let b(h) = h**2 - 2*h - 2. Suppose 0 = 2*r + 1 - 5. Give b(r).
-2
Suppose 12*j = 7*j + 5. Let i(u) = -u**2 - 1. Calculate i(j).
-2
Let b(l) = -5*l + 4*l - l**2 + 4*l. Suppose k - 20 = -4*k. Determine b(k).
-4
Let l(n) = -4*n - 2 + 2 - 2 + 6*n. Give l(-2).
-6
Suppose 4*p = -0*p - 44. Let x = 8 + p. Let z(d) = -d - 3. Calculate z(x).
0
Let h(w) = -2*w - 2. Suppose m = 6*m - 10. What is h(m)?
-6
Let l be 15*((-5)/3 - -2). Let d = -3 + l. Let h(r) = r + 0*r**2 + 3*r**d - 7*r**3 - 4*r**2. Calculate h(1).
-7
Let d = -13 + 14. Let s(l) = l**2 - l + 5*l - l - d. Give s(-3).
-1
Suppose -26 = 3*w + w + 3*y, -10 = 5*y. Let p(m) = -4*m - 1. Let a be p(-1). Let k(l) = l + a + l + 1. What is k(w)?
-6
Let c(n) be the first derivative of n**4/4 + 2*n**3 + 2*n**2 - 5*n - 5. Determine c(-5).
0
Let c be (6/9)/((-4)/(-18)). Let u(z) = 7*z**2 + 3*z + 13. Let p(w) = -4*w**2 - w - 7. Let n(k) = c*u(k) + 5*p(k). Calculate n(-4).
4
Let j(m) = 24*m + 3. Let x(o) = -8*o - 1. Let s = -13 + 24. Let a(y) = s*x(y) + 4*j(y). Calculate a(1).
9
Let r(h) = h**2 - 5*h - 5. Let j = 32 + -27. Give r(j).
-5
Let t(a) = -517*a - 2*a**2 + 510*a + a**2. Give t(-6).
6
Let v be -6*(45/6)/5. Let q(m) = -2*m - 12. Calculate q(v).
6
Let j = -5 + 15. Suppose -2*u - 3*u + j = 0, 0 = 5*b + u - 12. Let o(t) = 2*t - 1. What is o(b)?
3
Let o = 12 + -5. Let h(w) = -w**3 + 7*w**2 + w - 1. Let j be h(o). Suppose 2*g - j = -0*g. Let a(t) = -t**3 + 4*t**2 - 4*t + 1. Give a(g).
-2
Let k(d) = -d**3 + 3*d**2 - 2*d + 2. Let a be 5/1*(-6)/10*-1. What is k(a)?
-4
Let t(b) = -19*b + 5. Let k(y) = -94*y + 27. Let x(c) = -2*k(c) + 11*t(c). Determine x(1).
-20
Let g(c) = 2*c - 5. Suppose 11 = 3*v + h, -h - 4 = -3*v + 15. Determine g(v).
5
Let h(n) = n + 1. Let u(f) = -4*f - 6. Let z(d) = 3*h(d) + u(d). Determine z(-7).
4
Let d(x) = -108 + 7*x - 5*x + 110. Determine d(-4).
-6
Let n = 36 + -38. Let c(t) = 3*t + 8. Let a(x) = 4 + 4*x + 0*x + 5. Let m(d) = -6*a(d) + 7*c(d). What is m(n)?
8
Let y(b) = -3*b**3 + b - 1. Let i = 36 + -26. Let x = i - 16. Let z be 1 - 0/(x/(-2)). Determine y(z).
-3
Suppose -4*x + 4 = -5*a + 10, -6 = -3*a. Let b(g) = 1 + 5*g - 5*g + 8*g. Calculate b(x).
9
Let p(r) = r**2 - 4*r. Let f be p(5). Suppose -3*i - 1 = f. Let z(v) = -v**3 - v**2 - 3*v - 3. Determine z(i).
7
Let a(l) be the second derivative of -l**5/60 - l**4/4 - l**3 + 3*l**2 - l. Let n(o) be the first derivative of a(o). Calculate n(-6).
-6
Let r(y) be the first derivative of -y**3/3 - y**2/2 - 8*y + 4. Calculate r(0).
-8
Let g(o) be the first derivative of o**2/2 - 9*o + 2. Give g(7).
-2
Let y = 57 + -54. Let o be (4/2)/1 + 0. Let c(q) = o*q + y*q - 3*q + 0*q. Calculate c(-1).
-2
Let m = 4 + -2. Let s(l) = -l + 2*l - 2 - m. Calculate s(5).
1
Suppose -2*q + 55 = 5*r - 3*q, -4*r - 5*q = -15. Let z(b) = -4 + 0*b - b - b + r. Calculate z(5).
-4
Let n(g) be the first derivative of 1/3*g**3 + 3 + 0*g + 1/2*g**2. What is n(0)?
0
Let a(k) = k**3 - k**2 + k + 1. Let b(u) = -2*u**3 - u**2 + 1. Let t be b(-1). Determine a(t).
7
Let i(h) = 2*h**2 - 2*h + 1. Let u = 40 - 22. Let x be (-2)/(-4) - u/(-12). Determine i(x).
5
Let d(k) = -k**3 - 3*k**2 - 2*k. Suppose m + 3*w - 13 = 0, -m - 4*w = -10 - 6. Suppose -4*p - 2 = 6*h - m*h, -2*h - 5 = p. Give d(h).
6
Let v be (3 + 15/(-9))*18/(-4). Let h(b) = -b**2 - 4*b + 7. What is h(v)?
-5
Let d(k) be the second derivative of -k**7/504 + k**6/720 + k**4/12 - 3*k. Let y(h) be the third derivative of d(h). Calculate y(-1).
-6
Let d(t) = t + 1. Let b be (0 + 1)*(3 - 18/3). What is d(b)?
-2
Let m = 23 - 23. Let b(y) be the second derivative of -y + 1/6*y**3 + m - 4*y**2. Calculate b(4).
-4
Let c(j) = -j**3 + 5*j**2 + j - 5. Suppose 5*n + 7 = 2*h, -5*h = -3*h + n + 11. Let b be h + 2 + (8 - 1). What is c(b)?
0
Let y(f) be the second derivative of f**3/3 + f**2/2 + 10*f. Calculate y(-3).
-5
Let j(s) be the first derivative of -2*s**4 - s**3/3 + s**2/2 + s - 1. Suppose 21 = 3*k + 24. What is j(k)?
7
Suppose 0 = g - 0 - 1. Let x(d) = 0*d - 4 + 3 + 0*d + d. Calculate x(g).
0
Suppose -4*t + 28 = -q + 5*q, 3*t = 12. Let l(h) = h + 4. Determine l(q).
7
Let p(o) be the first derivative of o**4/4 - o**3/3 - o**2 - 5*o - 2. Let f(b) be the first derivative of p(b). Give f(2).
6
Let b(r) be the third derivative of -r**6/120 - r**5/20 + r**4/8 + r**3/3 + 10*r**2. Calculate b(-4).
6
Let w be 10/(-4) - (-1)/(-2). Let i(h) = -3*h - 5. Let g(f) = 3*f + 6. Let k(b) = -2*g(b) - 3*i(b). Give k(w).
-6
Let t = -3 - -4. Let v(g) = -4*g + t + 3*g + 3*g**2 - 2*g**2 + 5*g. Suppose 3 = i + 4*r, -2*r + 5*r - 11 = i. What is v(i)?
6
Suppose 10 = 4*i - 14. Let x(g) = -2*g**3 + i*g + 0*g**3 + 3*g**3 - 2 + 6*g**2. Let t be (-1)/(-1) - -2 - (-2 - -10). Determine x(t).
-7
Let m(z) = 5*z**2 + 1 + 6*z - 4*z**2 + 7 - 2. What is m(-7)?
13
Let q(g) be the third derivative of g**6/120 - g**5/12 - g**4/8 + 7*g**3/6 - 6*g**2. Calculate q(5).
-8
Suppose -5 = -3*v + 1. Let o(w) = -w**2 - 2*w + 1. Give o(v).
-7
Let k be 1/(1/(-2)*-2). Let m(y) = -2*y - 4 + 2 + k. Give m(2).
-5
Let x(o) = 0 - 2*o**2 + 2*o**3 + 0 + 1 - 3*o**3. Let h(a) = a**3 - 3*a**2 - a + 2. Let g be h(3). Calculate x(g).
0
Let g(d) be the third derivative of d**6/120 + d**5/12 - 7*d**4/24 - d**3/6 - d**2. Let i be g(-6). Let k(x) = x**3 - 6*x**2 + 4*x - 3. Determine k(i).
-8
Suppose 6*x - 2*x - 7 = -3*d, -4*d - 3*x + 14 = 0. Let s(z) = -z**2 + 7*z + 4. Determine s(d).
14
Let m(w) be the third derivative of 7*w**6/120 - w**5/30 + w**3/6 - 6*w**2. Suppose -u - 1 = -0*u. Give m(u).
-8
Let k(s) be the second derivative of s**3/6 - 2*s**2 + s. Let z be k(3). Let l(o) be the second derivative of o**4/6 - o**3/3 - o**2/2 - 2*o. Calculate l(z).
3
Let q = -1 + 2. Let j = 6 - q. Let p(w) = w + 2. Give p(j).
7
Let m(g) be the third derivative of g**6/120 + 2*g**5/15 + 7*g**4/24 - g**3 - g**2. Give m(-7).
-6
Let q(y) = -5*y**3. Let b(s) = -s**3 - 7*s**2 - 8*s - 9. Let z be b(-6). Let w be (16/10)/((-8)/(-20)). Let h = w - z. What is q(h)?
-5
Let n(d) = -3*d**2 - 3*d + 3*d. Let q = 12 + -8. Suppose -q = -4*c - 0. Calculate n(c).
-3
Let b(x) = 0 - x**2 - 1 + 0. What is b(-1)?
-2
Suppose -d - 1 = m - 2*m, -d + 1 = 0. Let k(x) = x + x + 3 + 3*x + 2*x**m. Give k(-3).
6
Let u(l) = -l - 1. Let z(q) = -q - 1. Let g(c) = 2*c - 18. Let i be g(6). Let d be z(i). What is u(d)?
-6
Suppose -p + 1 = -3. Suppose -p*w + 6*w = 0. Let j(q) = -q**2 - q + 8. What is j(w)?
8
Let f be (-3)/(-3)*-2*-8. Suppose 5*y + t = -2*t - 12, -4*y - 4*t = f. Let d(a) = -a**2 - 4. Determine d(y).
-4
Let u(j) = 2*j - 6. Let c be (-7)/(-1)*30/35. Let v be u(c). Let t(i) = i**2 - 8*i + 7. Give t(v).
-5
Suppose 0 = 11*w - 8*w - 12. Let x(h) be the second derivative of 0 - h - 1/6*h**3 + 2*h**2. What is x(w)?
0
Let v(g) = -2*g + 1. Let k(l) = 3*l**3 + 3*l**2 + 2*l + 4. Let h be k(-2). Let z = h + 16. Determine v(z).
-7
Let w(q) be the third derivative of q**4/12 - q**3/6 + 5*q**2. Let l(h) = -4*h + 2. Let i(j) = 4*l(j) + 7*w(j). What is i(-1)?
3
Let s be 2 - (8/4 + -4). Let m(q) = 5*q**2 + 5*q - 6. Let d(k) = -3*k**2 - 2*k + 3. Let p(y) = s*m(y) + 7*d(y). What is p(4)?
5
Let r(k) = -k**3 + 3*k**2 - 2*k + 4. Let w be